 - 45) + 2) a multiple of 18?
False
Let c(d) be the first derivative of -d**2/2 - 5*d - 1. Let i be c(-5). Suppose -5*s + i*n + 35 = -3*n, -n = 0. Is s a multiple of 4?
False
Suppose -3*h = -7*h + 156. Suppose f = -f + p + h, 3*p + 32 = f. Does 11 divide f?
False
Let q = 40 + -58. Does 18 divide (-10)/5*q/1?
True
Let t be ((-8)/5 - -2)*5. Suppose 0 = k - t*k + 6. Is k even?
True
Does 23 divide 1*52*1 + 0?
False
Suppose -2*p = -3*q + 3, 2*q - 2*p - 15 = -5*p. Let r = q + 1. Suppose 0*h - r*d + 64 = 4*h, -3*h + 4*d = -34. Is 7 a factor of h?
True
Suppose -4*w + 635 = w. Suppose d + 4*x = -d + 62, 0 = -5*d - 3*x + w. Is 11 a factor of d?
False
Let n(x) = x + 8. Let k be n(-6). Suppose -k = -p + 4. Suppose 0 = f - 3*f + p. Does 2 divide f?
False
Suppose -5*j + 280 = -5*l, 2*l + 15 = -l. Let w = j - 23. Is 14 a factor of w?
True
Let q(g) = 2*g**2 - 3*g**2 + 7*g - 5 + 12 - 3*g. Let j be q(5). Suppose -2*h - j*h = -152. Is h a multiple of 17?
False
Suppose -7*d + 27 = -29. Is 4 a factor of d?
True
Let v be (-1)/(-4) + (-5)/20. Suppose v = -y + 16 + 14. Does 22 divide y?
False
Let c = 917 - 473. Is 37 a factor of c?
True
Let i = 69 + -8. Is 24 a factor of i?
False
Let k(n) = -10*n + 7. Let x(p) = 3*p - 2. Let g = 1 - -1. Let m(i) = g*k(i) + 7*x(i). Is m(3) a multiple of 3?
True
Suppose 4*k = -3*n + 419, -3*n + k = -4*k - 374. Is n a multiple of 19?
True
Let y = -24 - -56. Let s = -34 + 19. Let t = s + y. Does 7 divide t?
False
Let l be 2*9/(-6) - 17. Is 7 a factor of (168/l)/(4/(-10))?
True
Let m(t) = t**3 + 2*t**2 - 3*t. Let y be m(-3). Let z be (-1 - (y - 2)) + -1. Suppose -4*c - 5 + 21 = z. Is c a multiple of 3?
False
Suppose -l - 8 = l. Let n be l*((-795)/(-12))/5. Is 9 a factor of n/(-3) + 4/12?
True
Is 28 a factor of ((-84)/63)/(-2*(-1)/(-393))?
False
Suppose 4*b - 97 - 23 = 0. Is 5 a factor of b?
True
Suppose -4*x + 14 = -w, -5*w = -0*w + 2*x - 40. Let a be (-92)/(-9) + w/(-27). Suppose 0 = 3*j - 11 - a. Is 5 a factor of j?
False
Suppose 4*b + 3*m - 440 = 0, 0 = -3*b - 2*m - 2*m + 330. Is 28 a factor of b?
False
Suppose -5*r + 5 = -10. Suppose 0 = -r*x - 0*x + 12, 35 = 5*w + 5*x. Suppose w*c - 109 = 2*j, c = 2*c + j - 28. Does 12 divide c?
False
Let h(x) = 3 + 6*x - 3*x**2 + 4*x**2 + 2. Let i be h(-7). Suppose u + i = 3*u. Is 3 a factor of u?
True
Let u(z) = -z**2 + 11*z + 6. Is 15 a factor of u(10)?
False
Is (-15)/((-30)/4) - (-165)/1 a multiple of 11?
False
Is (-265)/(-2) + (4 - (-72)/(-16)) a multiple of 33?
True
Let t(f) = -7*f - 6. Let w be 1 + 3/(-3) - -2. Suppose -5*h - 3*p = -0*p + 22, -2 = -w*p. Does 17 divide t(h)?
False
Let d be 114 - (-1 + (-3 - -6)). Suppose 4*v + 240 + d = 0. Let a = -46 - v. Is 14 a factor of a?
True
Let d = 49 - -32. Is d a multiple of 10?
False
Suppose -2*b + 4 = -5*h, -4*b - 2*h + 8 = -4*h. Let i = b - -39. Does 11 divide i?
False
Let b be (-10)/45 - 128/(-9). Let c = 17 - b. Is c a multiple of 3?
True
Does 9 divide 415/(-90)*-2 + (-2)/9?
True
Does 2 divide 4*-1*(9 + -11)?
True
Let x(j) = j - 5. Let m(n) = -2*n + 4. Let r(k) = 6*m(k) + 7*x(k). Let d(a) = -5*a - 10. Let s(b) = 5*d(b) - 4*r(b). Does 27 divide s(-12)?
True
Suppose -9*i + 7*i + 252 = 0. Is 14 a factor of i?
True
Let g(v) = 2 + 0*v**2 - 1 + v**2 - 9*v. Let h be g(6). Let p = h + 25. Is p a multiple of 4?
True
Is 13 a factor of 6/21 + (-2168)/(-56)?
True
Let z(h) = -1. Let a(m) = -m**2 - 2*m + 5. Let o(t) = -a(t) - 6*z(t). Let r be o(-1). Suppose r = f - 10 - 9. Is 19 a factor of f?
True
Let m = 6 + -10. Let s = 16 + -13. Is 2 a factor of ((-6)/m)/(s/8)?
True
Let c(v) = 2*v**3 - 2*v**2 - v + 3. Let q(p) = -p**3 - 9*p**2 + 3. Let k be q(-9). Does 9 divide c(k)?
True
Let b(d) = d**3 - 13*d**2 + 13*d - 14. Let j be b(12). Let n be j/5 + 14/10. Let r = n + 13. Is r a multiple of 5?
False
Let j = 9 + 28. Does 5 divide j?
False
Let p be -2 - -11*(-2 + -1). Let y = p + 55. Does 7 divide y?
False
Let t(w) = -w - 2. Let m be t(-5). Let q(n) = 10*n + 2. Is q(m) a multiple of 16?
True
Suppose -2*s = 3*b - 41, -5*b + 2*s = 3*s - 73. Suppose 5*o + b = -0*o, 34 = -4*l - 2*o. Let y(n) = n**2 - 4. Is 17 a factor of y(l)?
False
Let p(y) = y**2 - 6*y + 6. Let h be p(4). Let m be h/(-8) - (-58)/(-8). Let d(k) = -k**2 - 14*k + 9. Is d(m) a multiple of 20?
False
Let p be 4/(1 + (-81)/87). Let d = p - 34. Is 12 a factor of d?
True
Let a(c) = 6*c - 12. Let v be a(13). Suppose 2*y - v = -4*o, -5*y - 24 = -5*o - 129. Is y a multiple of 10?
False
Suppose 0 = -2*y + 5*d + 44, -y - 2*y + d + 40 = 0. Does 4 divide y?
True
Suppose 4585 + 3350 = 23*d. Does 23 divide d?
True
Let u(k) = -16*k - 7. Is u(-4) a multiple of 10?
False
Suppose -4*g - 5*h + 37 = 0, 0*g + 4*h - 32 = -4*g. Suppose 7*l = g*l. Suppose l = 3*a - 1 - 29. Does 4 divide a?
False
Suppose -4*u + 5*u - 72 = 0. Is u a multiple of 24?
True
Suppose -3*o + 5*o = 5*w + 27, -2*w + o = 11. Let d = 10 - w. Is 15 a factor of d?
True
Suppose 2 + 1 = 3*o. Suppose -4*n = -l - 37 + 6, o = l. Is 3 a factor of n?
False
Let y(n) = -22*n + 14. Is 16 a factor of y(-6)?
False
Let q = 30 - 10. Let z = 0 + q. Is 10 a factor of z?
True
Suppose y - 19 = 7. Is 26 a factor of y?
True
Suppose 2*q + 3*x = -3*q + 55, -3*q = -3*x - 33. Is q a multiple of 11?
True
Suppose -3*b - b = -4*l + 44, -2*b + 62 = 4*l. Is l a multiple of 14?
True
Let r = -6 - -11. Suppose -2*f + 52 = 4*i, -r*i + 2*f = 3*f - 59. Is 11 a factor of i?
True
Let n(w) = 10*w - 8. Let k(p) = 3*p - 3. Let t(u) = -14*k(u) + 5*n(u). Does 9 divide t(2)?
True
Let v(x) be the first derivative of -2*x**2 + x - 5. Is v(-3) a multiple of 13?
True
Suppose -b + 4*b - 2*j = 12, 0 = -4*b - j + 16. Let g = b - -7. Let u(c) = c**2 - 9*c + 16. Is u(g) a multiple of 22?
False
Suppose 171 = 5*t + 501. Suppose 0*k + k = -2. Is (-3)/k*t/(-9) a multiple of 5?
False
Let c = 16 - -39. Is 11 a factor of c?
True
Let b(d) = d**2 + 1. Let a be b(-2). Suppose a*n = 65 - 15. Does 6 divide n?
False
Suppose 0*l - l = 2*w - 3, -2*l = w - 6. Suppose -l*m = -7*m - 48. Is 11 a factor of 3/m + (-147)/(-12)?
False
Let z = 2 + 1. Suppose z*y + 14 = 5*y. Suppose y*o = 4*s + 3*o - 40, -o = 2. Is 8 a factor of s?
True
Let n = 2 + -6. Let m = -4 - n. Suppose m = -0*s - s + 3. Does 3 divide s?
True
Suppose -3*x - 120 = -3*z, 3*z + 4*x = -z + 128. Is 6 a factor of z?
True
Suppose 5*k + 4*b + 12 = 0, 3 = -3*b + 2*b. Suppose 3*g + 47 = n, 3*n = -k*g - g + 161. Is 22 a factor of n?
False
Suppose -2*s = -q + 10, q - 4*s + 7 - 17 = 0. Suppose 13 = 3*u - 2*j - 7, -j = u - q. Is 5 a factor of u?
False
Suppose 4*f = -0*f. Let l(y) = f*y + y + 7*y. Is 8 a factor of l(1)?
True
Let y be -8 + 5 + (2 - 4). Let q = 10 + y. Does 4 divide q?
False
Let x(c) = -c**2 - 6*c - 2. Let f be x(-5). Suppose -u = -4*m + 21, m - f*u + 5*u - 3 = 0. Is m a multiple of 3?
False
Let o(m) = m + 1. Let x(b) = 4*b + 12. Let g(p) = 6*o(p) - x(p). Let j be g(6). Suppose 3*z - 3*k - 18 = 0, z = j*z + 2*k - 37. Does 7 divide z?
True
Suppose h = 5*d + 30, 5*h - 5 = -4*d - 0*d. Suppose -5*m + 24 = 3*i - i, 0 = 2*i - h*m - 64. Let v = i + -12. Does 10 divide v?
True
Let n be 5/(-2)*(-16)/(-10). Let t = -22 - -40. Is 146/9 + n/t a multiple of 10?
False
Suppose 2*r - 5 = 3. Let c(u) = 6*u**2 - u - 3. Let n be c(3). Suppose r*o = 32 + n. Does 20 divide o?
True
Suppose -5*m + 230 = -215. Does 30 divide m?
False
Suppose 0 = 5*h - 10*h + 10. Let c = 9 + h. Is c a multiple of 7?
False
Suppose 0 = 3*z, -2*z + 0*z = -3*r + 198. Suppose -2*p - 22 = -r. Is p a multiple of 11?
True
Let j be (-1 + 0 - -4)*-47. Let w be j/(-4) + (-1)/4. Let s = -25 + w. Does 4 divide s?
False
Let k(w) = w + 1. Let q(g) be the second derivative of g**3/2 + g**2/2 + 2*g. Let x be q(2). Does 8 divide k(x)?
True
Suppose 2*t - 182 = 2*s, -50 = -3*t - 4*s + 188. Is t a multiple of 18?
False
Suppose -90 + 6 = -4*x + 2*m, 90 = 4*x - 5*m. Let u = -1 + x. Is u a multiple of 5?
False
Suppose 152 + 292 = 6*x. Is x a multiple of 9?
False
Let k = 1 - -2. Suppose 0 = -4*d + 3*g + 279, -2*d - 147 = -4*d + k*g. Is d a multiple of 12?
False
Let i = 59 - -33. Does 19 divide i?
False
Suppose -c + 4*v = -44, 0 = 4*c - 9*c - v + 304. Suppose 3*d = 5*d - c. Is 15 a factor of d?
True
Suppose 0 = 5*w - 280 - 395. Does 27 divide w?
True
Suppose -h + 6 = 4*p, -10 + 1 = -3*h - 3*p. Suppose -k = 4*l - h, 5*k - 29 =